est common factor of 31 and f.
31
Let o be ((-44)/12)/((-2)/(-12)). Let r = 46 + o. Calculate the highest common divisor of 36 and r.
12
Let h(c) = 2*c**2 + 6*c + 1. Let v be (4/(-5))/((-6)/15). Suppose -5 = v*z - z. Let u be h(z). What is the highest common factor of 3 and u?
3
Let q = -41 + 83. Let p = -50 - -56. What is the highest common divisor of q and p?
6
Suppose 5*d - 6 - 4 = 0. What is the highest common divisor of 6 and d?
2
Let l be 1 + (11 - -1)/1. Suppose d - 4*i = 6*d - 244, -4*d + 204 = i. Calculate the highest common divisor of d and l.
13
Let t(h) = h**3 + 13*h**2 + 9. Let w be t(-13). Let j = 8 - 5. What is the greatest common factor of w and j?
3
Let y be -1 - ((-23 - 1) + 1). Let o = 117 + -62. What is the greatest common divisor of o and y?
11
Suppose -k + 11 + 3 = 0. Calculate the highest common divisor of 35 and k.
7
Suppose 140 = 3*r - 67. Let m be (-200)/(-6 - -2) + -4. Calculate the highest common factor of r and m.
23
Suppose -7*r = -2*r - 85. Let d = 33 - r. What is the highest common factor of d and 16?
16
Suppose 483 = 5*i + s, -5*i + 4*i + 2*s = -90. Calculate the greatest common divisor of 12 and i.
12
Let l = 17 + 1. Let x = 3 + -3. Suppose x = 5*o + 2*y - 221, -5*o + 262 = -2*y + 33. What is the greatest common factor of o and l?
9
Let o be (1*(-1 + -2))/(-1). Suppose o*b - 2 = 16. Calculate the greatest common divisor of 6 and b.
6
Suppose 84 = c - 4*i, 0*i = -3*c + i + 307. Suppose -2*k - 36 = 5*j - 184, 4*j = 2*k + c. What is the highest common divisor of 42 and j?
14
Suppose -v = 2*w - 262, -2*v - 2*w + 1318 = 3*v. Calculate the highest common factor of 24 and v.
24
Let w = 8 + -8. Suppose w = -4*f - 3 + 23. What is the greatest common factor of f and 1?
1
Let m be (-4)/(-16) - 11/(-4). Suppose 0 = -g + m*g - 12. Calculate the greatest common factor of g and 42.
6
Let k(q) = -10*q - 5. Let n be k(-2). Calculate the greatest common factor of n and 45.
15
Suppose 213 = 5*n + 33. Suppose -3*v = -q + 54, -5*q - v = -10*q + 270. What is the highest common divisor of q and n?
18
Let z(s) = 5*s**2 + s + 1. Let d be z(-1). Suppose -b = -d*b + 96. What is the greatest common factor of 60 and b?
12
Let f be (-3)/((12/39)/(-4)). Suppose -f - 9 = -2*q. Calculate the highest common factor of 8 and q.
8
Let p = 128 + -113. What is the greatest common factor of p and 20?
5
Let x be 2/(-4)*(-342)/9. What is the greatest common factor of x and 171?
19
Let s be (772 - -8)*1/2. Suppose -2*b = -5*b + s. Calculate the greatest common divisor of 52 and b.
26
Let d be (2 - 28)*1 + -1. Let r be d/((-2 - -3)/(-1)). What is the greatest common divisor of 18 and r?
9
Suppose -s + 33 = -51. Let q be (-255)/(-20) + (-6)/8. What is the highest common factor of q and s?
12
Let m(n) = -69*n + 1. Let a be m(-1). Let g = 96 + -86. Calculate the highest common divisor of a and g.
10
Let v be 113/(-4) - 3/(-12). Let w be (-1 + -2)/(7/v). What is the greatest common factor of w and 8?
4
Let l(b) = b**3 - 3*b**2 - 8*b. Let c be l(5). What is the highest common divisor of 15 and c?
5
Let k = 11 - 7. Suppose 0 = -z - 1 + k. Calculate the highest common divisor of 33 and z.
3
Suppose 0 = -2*t - f + 78, -t + 26 + 4 = -4*f. Calculate the greatest common factor of t and 95.
19
Let a be (-869)/66 + 13 - 61/(-6). Suppose -3*m - b + 0 + 16 = 0, 20 = 4*m + b. Suppose -d + m = d. Calculate the highest common factor of a and d.
2
Let v = 43 + -26. Calculate the greatest common divisor of 85 and v.
17
Suppose -5*d = -5*c - 35, c = d + 6*c + 23. Let b(j) = 9*j**3 - 2*j**2 + 2*j - 4. Let k be b(d). Calculate the highest common divisor of 8 and k.
8
Suppose -3*k + 5*a = 2*k - 40, -2*k - 5*a + 16 = 0. Let m = k - 5. Suppose -2*r = 5*h - 9, -2*h + m*r - 1 = 3. Calculate the greatest common divisor of h and 1.
1
Suppose 2*a + 2*a + 12 = 0. Let k be 111/9 - 2/a. What is the greatest common divisor of 52 and k?
13
Let b(u) = u**3 - 6*u**2 + 5*u + 1. Let c be b(5). Let o be (-1)/(-1) - (-5 - -2). Calculate the greatest common divisor of o and c.
1
Suppose -3*h + 100 = -h + 2*g, 3*g = 3*h - 138. What is the greatest common factor of h and 120?
24
Let x = 148 + -99. Suppose 4*t - 40 = -m - 2*m, 0 = 4*t - 2*m - 20. What is the highest common factor of x and t?
7
Suppose 8*s - 3*s - 4*b - 32 = 0, b = -4*s + 13. Suppose -4*f - f = 3*r - 27, -4*f = -4*r + s. Calculate the highest common divisor of f and 24.
3
Suppose 4*u - 32 = 68. Calculate the highest common divisor of 200 and u.
25
Let u = 101 - 173. Let k be (-20)/(-6)*u/(-5). What is the highest common divisor of 12 and k?
12
Let g be (-5)/(-3) + (-2)/3. Suppose -20 = -h + g. Calculate the highest common factor of 147 and h.
21
Let a = 19 - 6. Calculate the highest common factor of 91 and a.
13
Let h(i) = i**3 + 4*i**2 - 3*i + 1. Suppose 2*o - 4 = o. Let w be h(o). Calculate the highest common divisor of 13 and w.
13
Let s(g) = 51*g - 28. Let h be s(3). What is the greatest common factor of 50 and h?
25
Let j be (-2 - 0/1)*-32. Suppose 2*g - 44 = 5*a - 12, 4*g - j = 2*a. Calculate the greatest common factor of 176 and g.
16
Suppose -16 = -2*m - 4*l, 3*m - 34 + 4 = -3*l. What is the greatest common factor of 3 and m?
3
Suppose 42 = -b - 1. Let i = b - -69. Let o be 348/9 + (-2)/(-6). Calculate the highest common divisor of i and o.
13
Suppose 12*l - 1149 = 471. Calculate the greatest common factor of l and 15.
15
Let l = 50 - 26. Suppose 5*y - 2*j + j + 155 = 0, y + 57 = -5*j. Let g = 48 + y. What is the greatest common divisor of l and g?
8
Let p(a) = a**3 + 5*a**2 + 3*a. Let t be p(-3). What is the greatest common divisor of t and 9?
9
Let j = -33 - -57. What is the highest common factor of j and 16?
8
Suppose 9*r - 11*r = -20. What is the greatest common factor of 5 and r?
5
Suppose -5*b = -q - 2*q + 41, -3*q = -4*b - 40. Suppose 26 - 6 = -5*f, -5*f = 2*w + q. What is the greatest common divisor of w and 44?
4
Let u be (-12)/(-18) - (-14)/6. Let y be 26/u + (-2)/(-6). Suppose -b - 2*b = -y. What is the highest common factor of 1 and b?
1
Suppose 4*r = -b + 162, -10*r + 905 = 5*b - 9*r. What is the highest common factor of 14 and b?
14
Let f(w) = -27*w + 13. Let q be f(-4). Calculate the greatest common factor of q and 11.
11
Let p(u) = -6*u + 4. Let x be p(-2). Let v(y) = -12*y + 8. Let o be 2 - 6*8/6. Let w be v(o). Calculate the greatest common divisor of x and w.
16
Let p be (-4)/(-10) + (-16)/(-10). Let a(m) = 4 - 4*m**2 + 3*m + p*m**3 + 1 + m. Let o be a(4). Calculate the highest common factor of o and 17.
17
Let q(x) = -2*x + 8. Let g be q(-6). Suppose 17 = s - 3*k, 2*k - 2 = -0*s - s. What is the greatest common factor of s and g?
4
Let i = 22 + -16. Suppose -4*v + 22 + i = 0. Calculate the highest common factor of 7 and v.
7
Suppose 0 = v + v - 2*d - 18, 5*d - 32 = -2*v. What is the greatest common divisor of v and 88?
11
Let y = -5 - -8. Suppose 20 = w - 5*l, 5*w = -0*w - 3*l + 212. Suppose -5*v + y*v = -w. What is the greatest common divisor of 30 and v?
10
Let k(b) = -b**3 + 8*b**2 + 15*b - 10. Let v be k(9). What is the highest common divisor of v and 66?
22
Suppose h + 308 = 15*w - 10*w, 5*h - 196 = -3*w. What is the highest common divisor of w and 31?
31
Suppose 4*g + 136 = 2*o, g + 3*g - 296 = -4*o. Calculate the highest common divisor of 9 and o.
9
Let f(o) = -o**3 - 3*o**2 + 4*o + 4. Let a be f(-4). Calculate the greatest common divisor of 2 and a.
2
Suppose 3*v = -v + 56. What is the greatest common divisor of v and 2?
2
Suppose 0 = -3*h + 3 + 3. What is the greatest common divisor of h and 2?
2
Suppose 0 = -3*x + 1 + 14. Suppose 4*o - 5 - x = 2*v, 2*o - 8 = 0. Let a be 22/6 + 4/(-6). Calculate the greatest common divisor of a and v.
3
Suppose -s + 1 = 4. Let z = -2 - s. Let q be 21 - (2 - 4) - z. Calculate the greatest common factor of q and 11.
11
Let f(q) = -q**2 - 11*q + 6. Let h be f(-8). Suppose 3*b - h = -0*b. What is the highest common divisor of 90 and b?
10
Let l = 27 + 138. Suppose p = 4*a - 61, -4*p = -a - 0 + 19. Calculate the highest common divisor of a and l.
15
Let g(o) = 6*o - 10. Let s be g(11). Calculate the greatest common factor of 14 and s.
14
Suppose 5*g - 2*v = 87, -3*g - 19 + 72 = -2*v. Suppose -3*c - g - 16 = -2*l, 3*l = -5*c + 21. Calculate the highest common divi